e greatest common divisor of 11 and f.
11
Let g = -65 + 109. Calculate the greatest common divisor of g and 22.
22
Suppose -2*m = -3*h + 12, m + 3*m + 5*h = 20. Suppose m*l + 3*l - 300 = 0. Let d = 0 + 20. Calculate the greatest common factor of l and d.
20
Let t be 17 - 12/4 - 0. What is the greatest common divisor of 42 and t?
14
Suppose 0 = -4*n + 5*z + 724, -2*z + 696 = 2*n + 2*n. Calculate the greatest common divisor of 22 and n.
22
Suppose 1 = -i, 255 = m - 5*i + 2*i. Calculate the greatest common factor of m and 36.
36
Let u be 3 - (6/3 - -1). Let l be (u - (-3 + 2)) + 3. Suppose -f = c + 3 - 13, -c = -4*f + 40. Calculate the greatest common factor of l and f.
2
Let d be ((-4)/(-6))/((-1)/6). Let h be (3 - (-34)/d)*-2. Calculate the highest common factor of 99 and h.
11
Suppose -4*b + 207 = z - 59, 557 = 2*z + 3*b. Suppose l - 6 = 20. What is the greatest common divisor of l and z?
26
Let k(l) = -2*l - 31. Let o be k(-22). Let c = 45 - 32. What is the greatest common factor of o and c?
13
Let y(f) = 47*f + 12. Let h be y(2). What is the greatest common divisor of 53 and h?
53
Let s be (4 - -2)*(-6)/(-9). What is the highest common divisor of s and 12?
4
Let a = 2 - 2. Suppose a = -0*f - 3*f + 6. Suppose 5*o - 3*w - 19 = 0, 2*w - 4*w = -5*o + 16. Calculate the highest common factor of o and f.
2
Let a = 61 - 29. Calculate the greatest common factor of a and 96.
32
Let p = 10 + -7. Suppose -p*s + 3 + 48 = 0. Calculate the highest common divisor of s and 34.
17
Let f be (-2 - 0)*(-15)/6. Suppose 0 = f*n - 23 - 32. Suppose 3*q - 22 = q. Calculate the highest common divisor of q and n.
11
Let w(h) = -h**3 - 3*h**2 - 2*h - 1. Let g be w(-2). Let n = g - 3. Let t be (-1)/n + (-15)/(-4). Calculate the greatest common factor of t and 10.
2
Let g = 96 - 66. Calculate the greatest common factor of 18 and g.
6
Let b = 7 + -3. Suppose b*n = 228 - 88. Let t(r) = -r**3 - 2*r**2 + 2*r + 4. Let a be t(-3). What is the greatest common factor of a and n?
7
Let n(d) be the third derivative of -61/24*d**4 - 3*d**2 - 1/6*d**3 + 0*d + 0. Let f be n(-1). Calculate the highest common factor of 24 and f.
12
Let w = -5 - -5. Suppose w = a - 2*a. Suppose a = 3*t + t - 8. Calculate the greatest common divisor of t and 2.
2
Let k(b) be the first derivative of -9*b**2/2 + 9*b - 2. Let g be k(-9). Calculate the highest common factor of 10 and g.
10
Suppose 0 = -x + 3, -4*a = 3*x - x - 30. Let l = a - -6. Calculate the greatest common factor of 2 and l.
2
Suppose 0*k + 2*k = -248. Let q be -2 + 0 - (-1 - -60). Let c = q - k. What is the greatest common factor of c and 7?
7
Let i be 1/(3/54) - 2. Let m = 11 - -69. Calculate the greatest common divisor of m and i.
16
Let i be (-94)/(-6) + 1/3. Let h = 503 + -359. What is the highest common factor of i and h?
16
Let v(h) = 19*h - 7. Let p be (4/(-5))/(4/(-10)). Suppose 6*c - 20 = p*c. Let s be v(c). Calculate the highest common divisor of s and 8.
8
Suppose 0 = -3*d - d + 60. Calculate the greatest common divisor of 105 and d.
15
Suppose 0 = -j + 6 - 10. Let q be 12/8 + (-18)/j. Calculate the highest common factor of q and 3.
3
Suppose -2*n - 5 = -0*s - 3*s, 5*s - 5*n = 15. Let i = s + 49. What is the highest common factor of 32 and i?
16
Let h(a) be the third derivative of a**6/24 - a**5/15 - a**4/24 + a**3/2 + 4*a**2. Let l be h(3). What is the greatest common divisor of l and 11?
11
Let l be (-6)/5*105/(-2). What is the highest common divisor of 9 and l?
9
Let u = 48 - 3. Let o(r) = r + 30. Suppose x = -0*x. Let f be o(x). Calculate the highest common divisor of u and f.
15
Let d(x) be the first derivative of 2*x**2 - 1 - 5/3*x**3 + 3/4*x**4 - 2*x. Let m be d(4). What is the greatest common divisor of 14 and m?
14
Suppose l + 630 = 6*l. What is the highest common factor of l and 14?
14
Let n(v) = -v**2 + 4*v. Suppose 2*k + 27 = 5*k. Let h be n(k). Let r = 111 + h. Calculate the greatest common factor of 6 and r.
6
Suppose -x + 2*v = -0 - 6, 27 = 4*x - 5*v. Let s = 16 - x. What is the highest common divisor of s and 4?
4
Let n = 1597 + -525. Suppose 4*w - 1037 = 3*d, 4*d - n = -5*w + w. Let p = w - 188. What is the highest common factor of 30 and p?
15
Suppose -j = -3*j - c + 76, -j + 4*c + 20 = 0. Suppose 5*r - 10*r = -120. What is the greatest common factor of j and r?
12
Let y be ((-6)/(-5))/(-3) + 2526/15. What is the greatest common divisor of y and 24?
24
Let z be (8/(-18)*-3)/((-8)/(-60)). What is the greatest common divisor of 1 and z?
1
Suppose 4*f = -f - 4*o + 35, -35 = -5*f + 4*o. Suppose -k + 2*c + 2 = 0, 2*c = 3*k - 25 + f. What is the highest common factor of k and 64?
8
Suppose 3*s + 3*k + 156 = 0, 0*s + s + 4*k = -55. Let t = 90 + s. Calculate the greatest common divisor of t and 13.
13
Let l be (-8)/12 - 11/(-3). Suppose t - 4*h - 8 = 0, 2*h - l*h + 18 = t. Calculate the greatest common divisor of t and 80.
16
Let s(v) = 113*v - 5. Let b be s(1). Calculate the highest common factor of b and 12.
12
Suppose 2*s - 6 = -0*s. Suppose 0 = -4*d - 6 + 30. What is the greatest common divisor of s and d?
3
Suppose 0 = 4*h - 3*h - 77. Let x = h - 37. Suppose 4*r + 0*r = x. What is the greatest common divisor of 4 and r?
2
Let a = -21 - -56. Suppose -l + 1 + 3 = 0. Let o(i) = -i**2 + 6*i - 3. Let z be o(l). Calculate the highest common factor of z and a.
5
Let c = 0 + 11. Suppose 3*w - 168 = -3*m, -4*m - 5*w = -45 - 180. Let u be (m/10)/((-2)/(-4)). What is the greatest common factor of u and c?
11
Let k = -34 - -44. What is the greatest common factor of 70 and k?
10
Suppose h + 138 = -2*a + 7*a, 2*a - 4*h = 48. What is the greatest common factor of a and 14?
14
Suppose -10 = -4*z + 5*d + 69, 64 = 3*z + d. Calculate the highest common divisor of z and 168.
21
Let h = -284 - -145. Let b = h - -203. Calculate the greatest common factor of 8 and b.
8
Suppose -2*q + 92 = 4*u, -4*u + 28 + 76 = -4*q. Calculate the highest common factor of 36 and u.
12
Let n = -10 + 19. Let y(p) = p + 4. Let c be y(-8). Let v = c + n. Calculate the greatest common factor of v and 15.
5
Let h = 196 - 100. What is the greatest common divisor of h and 16?
16
Let m be 1/(-5) + (-161)/(-5). Suppose 3*p - 5*p = -6. Suppose 0 = -p*s + 25 - 1. What is the highest common divisor of m and s?
8
Let t(g) = -g**2 - 9*g + 1. Let o be t(-7). Calculate the greatest common divisor of o and 75.
15
Suppose -5*c - 54 = -2*c. Let a be 12/c*(-30)/4. Suppose -3*i = -a*b + 240, 96 = -b + 3*b - 5*i. What is the greatest common factor of 16 and b?
16
Let v = 65 + -59. Calculate the highest common factor of 30 and v.
6
Let k(m) = -m**2 - 11*m + 5. Let t be k(-11). Suppose 4*n = -5*z + 790, t*n + 540 = 4*z - 51. Calculate the highest common factor of z and 22.
22
Let c(a) = a**2 + 2*a - 3. Suppose -8 = -3*l + 1. Let n be c(l). Calculate the highest common factor of 4 and n.
4
Let q be (273/(-52))/((-1)/36). What is the highest common divisor of 27 and q?
27
Let b be (-2)/(-2 + (-21)/(-9)). Let l = 8 + b. Let k be (-407)/(-5) - l/5. What is the highest common factor of k and 9?
9
Let l = -8 + 20. Suppose 7*s - 3*s = l. Suppose 0 = -s*b + 3*d - 12, 3*b + 3*d + 2 = 20. What is the greatest common divisor of b and 9?
1
Let b(z) = -4*z**2 + 11*z + 14. Let u(t) = -t**2 + 4*t + 5. Let k(v) = -3*b(v) + 8*u(v). Let o be k(-2). What is the highest common factor of o and 96?
16
Let t = 63 - 30. Let f be (-8)/(-6) + (-434)/(-21). What is the greatest common factor of t and f?
11
Suppose 2 = -2*u - 2. Let c = 0 - u. Suppose -c*b + 72 = b. What is the greatest common divisor of 60 and b?
12
Let w be 11598/42 + (-1)/7. What is the greatest common divisor of 23 and w?
23
Let o be -4*4*(-11 - -7). What is the greatest common factor of o and 8?
8
Let k(o) = 2*o**2 + 11*o - 8. Let j be k(-7). Suppose -f + x = -116, 0 = 2*f - x + 3*x - 236. What is the highest common factor of j and f?
13
Let o = 41 + -7. Let f be (10 + -1 + 1)/(-1). Let s = f + o. Calculate the highest common divisor of s and 6.
6
Suppose 7 = -5*g + 22. Let j(y) = 23*y + 1. Let l be j(g). Let r(p) = -3*p - 4. Let o be r(-6). Calculate the highest common divisor of l and o.
14
Let b be 70 - 7/(21/15). What is the greatest common factor of 26 and b?
13
Suppose 5*m - 2*n - 21 = 0, -29 = -5*m + 5*n + 1. What is the h